ctors of 2171807581.
1459, 1488559
List the prime factors of 94229547.
3, 4211, 7459
What are the prime factors of 90647561?
109, 157, 5297
List the prime factors of 138387630.
2, 3, 5, 4612921
What are the prime factors of 455742754?
2, 227871377
What are the prime factors of 6474348203?
6474348203
What are the prime factors of 3111150625?
5, 11, 452531
What are the prime factors of 37971153?
3, 11, 127849
What are the prime factors of 530219153?
3943, 134471
What are the prime factors of 247750502?
2, 123875251
List the prime factors of 5808562513.
13, 446812501
List the prime factors of 3734302046.
2, 1867151023
List the prime factors of 243848665.
5, 1709, 28537
What are the prime factors of 12450402?
2, 3, 230563
What are the prime factors of 49651246?
2, 41, 605503
What are the prime factors of 69988517?
23, 41, 74219
List the prime factors of 17752406.
2, 7, 79, 2293
What are the prime factors of 737178280?
2, 5, 18429457
What are the prime factors of 6217338350?
2, 5, 124346767
List the prime factors of 5802905.
5, 1160581
List the prime factors of 105987448.
2, 7, 1892633
List the prime factors of 306260609.
3121, 98129
List the prime factors of 1605013377.
3, 11, 48636769
What are the prime factors of 687317771?
7, 31, 83, 1231
List the prime factors of 13507200.
2, 3, 5, 7, 67
List the prime factors of 2807824529.
199, 14109671
What are the prime factors of 1510218204?
2, 3, 11, 11441047
List the prime factors of 2344244909.
19, 123381311
List the prime factors of 4351410061.
73, 59608357
List the prime factors of 3032558930.
2, 5, 179, 1694167
What are the prime factors of 35736093?
3, 19, 69661
What are the prime factors of 58152649?
739, 78691
List the prime factors of 2474929693.
109, 1151, 19727
List the prime factors of 71181094.
2, 35590547
List the prime factors of 27172200.
2, 3, 5, 11, 23, 179
List the prime factors of 44446472.
2, 7, 19, 37, 1129
What are the prime factors of 3351728988?
2, 3, 173, 307, 1753
List the prime factors of 190795305.
3, 5, 751, 16937
What are the prime factors of 536085274?
2, 131, 2046127
List the prime factors of 262491088.
2, 23, 79, 9029
What are the prime factors of 2114266903?
7, 302038129
What are the prime factors of 3380676816?
2, 3, 11, 1999, 3203
List the prime factors of 668950834.
2, 41, 439, 18583
List the prime factors of 37677921.
3, 109, 115223
List the prime factors of 6050206074.
2, 3, 11, 23, 107, 193
What are the prime factors of 99215836?
2, 23, 157, 6869
List the prime factors of 21391949.
21391949
What are the prime factors of 751682715?
3, 5, 7, 59, 67, 1811
What are the prime factors of 25662049?
7, 3666007
What are the prime factors of 658053826?
2, 329026913
List the prime factors of 2888012022.
2, 3, 7, 68762191
List the prime factors of 1592500572.
2, 3, 13, 37, 91967
List the prime factors of 67005242.
2, 2683, 12487
List the prime factors of 55322390.
2, 5, 5532239
What are the prime factors of 55484012?
2, 281, 49363
List the prime factors of 551051122.
2, 275525561
List the prime factors of 2166863637.
3, 31, 1301, 17909
What are the prime factors of 664287377?
13, 61, 401, 2089
List the prime factors of 230706584.
2, 28838323
What are the prime factors of 6583311?
3, 7, 83, 1259
List the prime factors of 2058855728.
2, 71, 137, 13229
List the prime factors of 125910303.
3, 23, 41, 44507
List the prime factors of 177957740.
2, 5, 61, 199, 733
What are the prime factors of 2159181483?
3, 41, 127, 277, 499
What are the prime factors of 41843370?
2, 3, 5, 41, 34019
What are the prime factors of 175834378?
2, 619, 142031
List the prime factors of 85751247.
3, 17, 1681397
What are the prime factors of 374996539?
131, 2862569
What are the prime factors of 19691280?
2, 3, 5, 7, 3907
List the prime factors of 1215371753.
1215371753
What are the prime factors of 976624299?
3, 7, 43, 360511
List the prime factors of 5254750246.
2, 23, 3307, 34543
What are the prime factors of 4969588665?
3, 5, 17, 19488583
What are the prime factors of 165832068?
2, 3, 2129, 6491
List the prime factors of 2066695637.
2066695637
List the prime factors of 3266476263.
3, 362941807
List the prime factors of 2384426393.
2384426393
What are the prime factors of 368765549?
43, 107, 80149
List the prime factors of 77515393.
17, 4559729
List the prime factors of 142766385.
3, 5, 9517759
List the prime factors of 77679376.
2, 4854961
List the prime factors of 457225794.
2, 3, 43, 487, 1213
List the prime factors of 82015128.
2, 3, 13, 87623
What are the prime factors of 58968848?
2, 59, 62467
What are the prime factors of 101251217?
101251217
What are the prime factors of 120818600?
2, 5, 7, 211, 409
List the prime factors of 4994295513.
3, 17, 107, 613, 1493
List the prime factors of 2333888347.
7, 4129, 80749
List the prime factors of 1221690962.
2, 610845481
List the prime factors of 1264205370.
2, 3, 5, 83, 507713
List the prime factors of 1573534326.
2, 3, 7, 13, 41, 5407
What are the prime factors of 311346911?
311346911
List the prime factors of 344967053.
1489, 231677
List the prime factors of 335383845.
3, 5, 22358923
List the prime factors of 21164171.
7, 29, 137, 761
List the prime factors of 136446535.
5, 27289307
List the prime factors of 243534558.
2, 3, 109, 372377
What are the prime factors of 1986646216?
2, 277, 617, 1453
What are the prime factors of 346550163?
3, 41, 2817481
What are the prime factors of 1073838117?
3, 11, 32540549
List the prime factors of 6332311.
6332311
What are the prime factors of 16445534?
2, 7, 1174681
What are the prime factors of 16445470?
2, 5, 1644547
What are the prime factors of 625838408?
2, 13, 17, 479, 739
What are the prime factors of 329417050?
2, 5, 6588341
What are the prime factors of 81428044?
2, 3037, 6703
What are the prime factors of 1914017806?
2, 29, 43, 73, 10513
List the prime factors of 4392722336.
2, 29, 4733537
What are the prime factors of 265961580?
2, 3, 5, 4432693
List the prime factors of 40957920.
2, 3, 5, 19, 499
List the prime factors of 28713359.
28713359
List the prime factors of 13686104.
2, 23, 74381
List the prime factors of 26359117.
26359117
List the prime factors of 39322618.
2, 73, 269333
List the prime factors of 228703697.
23, 37, 268747
What are the prime factors of 14860614?
2, 3, 41, 193, 313
List the prime factors of 83642053.
11, 23, 269, 1229
What are the prime factors of 43552102?
2, 11, 449, 4409
List the prime factors of 72792968.
2, 9099121
What are the prime factors of 42200912?
2, 13, 202889
What are the prime factors of 564224403?
3, 188074801
What are the prime factors of 217661387?
17, 12803611
What are the prime factors of 126603391?
109, 1161499
List the prime factors of 84322256.
2, 29, 181729
What are the prime factors of 7107202?
2, 3553601
List the prime factors of 1432195646.
2, 7, 223, 283, 1621
List the prime factors of 153599618.
2, 53, 443, 3271
What are the prime factors of 625776934?
2, 312888467
What are the prime factors of 165625743?
3, 55208581
What are the prime factors of 5319629298?
2, 3, 295534961
What are the prime factors of 40427606?
2, 23, 37, 23753
List the prime factors of 118155074.
2, 31, 1905727
List the prime factors of 68339939.
227, 301057
List the prime factors of 345770.
2, 5, 71, 487
What are the prime factors of 219252235?
5, 2549, 17203
List the prime factors of 3436866298.
2, 113, 757, 20089
What are the prime factors of 1803309703?
13, 19, 127, 57487
What are the prime factors of 73213198?
2, 2633, 13903
List the prime factors of 1000068927.
3, 11, 13, 2331163
List the prime factors of 515425166.
2, 89, 2895647
List the prime factors of 58406451.
3, 109, 178613
List the prime factors of 54908950.
2, 5, 79, 13901
List the prime factors of 1108473073.
179, 547, 11321
What are the prime factors of 6933702931?
149, 181, 257099
What are the prime factors of 494724?
2, 3, 41227
List the prime factors of 643759739.
7, 2161, 42557
What are the prime factors of 450841510?
2, 5, 7, 499, 12907
What are the prime factors of 41213040?
2, 3, 5, 11, 67, 233
What are the prime factors of 8622560222?
2, 433, 601, 16567
List the prime factors of 109773050.
2, 5, 2195461
What are the prime factors of 2191302259?
137, 15994907
What are the prime factors of 54321508?
2, 83